6. Calculate w(6).
24
Let y(g) = 71*g - 787. Give y(11).
-6
Let z(h) = -h**3 - 3*h**2 + 5*h + 4. Determine z(-4).
0
Let z(g) = 13*g**2 - 3*g + 3. What is z(3)?
111
Let g(c) = c**3 - 4*c - 5. Determine g(-2).
-5
Let u(v) = 11*v + 3. Determine u(-4).
-41
Let t(k) = 7*k + 16. Calculate t(-2).
2
Let y(w) = 7*w + 3. What is y(-3)?
-18
Let r(j) = j**3 + 22*j**2 + 6. What is r(-22)?
6
Let o(q) = -q**3 - 13*q**2 + q + 15. Determine o(-13).
2
Let n(v) = v - 6. Calculate n(10).
4
Let m(w) = 2*w**3 - 31*w**2 + 43*w - 9. Calculate m(14).
5
Let t(v) = v**3 - 5*v**2 - 4*v - 3. Give t(6).
9
Let z(o) = -o**3 - 9*o**2 + 10*o + 2. Calculate z(-10).
2
Let l(m) = 3*m**2 - 20*m + 69. Calculate l(9).
132
Let i(y) = 15*y - 36. Calculate i(2).
-6
Let w(v) = v**3 - 8*v**2 - 10*v - 11. What is w(9)?
-20
Let m(b) = b**2 + b + 1. Determine m(-4).
13
Let c(a) = 2*a**2 - 45*a + 134. Determine c(19).
1
Let t(f) = -f**2 - 11*f - 15. What is t(-7)?
13
Let b(f) = -f - 1. Determine b(-6).
5
Let f(w) = -2*w**3 - 11*w - 31. Calculate f(-2).
7
Let q(y) = 41*y**2 - 2*y. What is q(1)?
39
Let r(t) = 6*t - 5. Give r(0).
-5
Let n(z) = 3*z**2 + 11*z + 15. What is n(-7)?
85
Let z(w) = w**3 - 13*w**2 + 14*w - 21. What is z(12)?
3
Let u(r) = r**2 + 56*r + 209. What is u(-52)?
1
Let c(n) = 9*n + 44. Determine c(-7).
-19
Let n(t) = t**2 + 4*t - 3. Determine n(-4).
-3
Let c(v) = v**2 - 5*v - 1. Calculate c(6).
5
Let z(w) = -3*w - 35. Calculate z(-12).
1
Let k(o) = -o**3 - 20*o**2 + 99*o - 15. Give k(4).
-3
Let m(n) = -n**2 + 5*n + 7. Give m(7).
-7
Let j(n) = 4*n**2 - 4*n - 1. Determine j(2).
7
Let k(c) = -2*c**2 + 55*c - 27. Calculate k(27).
0
Let v(k) = -13*k + 73. Calculate v(5).
8
Let a(s) = -26*s + 34. What is a(2)?
-18
Let f(n) = -11*n + 12. Give f(4).
-32
Let j(f) = -f**3 + 5*f**2 + 5*f - 5. Determine j(6).
-11
Let k(b) = -3*b + 5. Give k(6).
-13
Let d(n) = 5*n**2 - 26*n. Calculate d(7).
63
Let f(j) = 30*j + 4. Determine f(2).
64
Let j(n) = 7*n + 18. Calculate j(15).
123
Let a(z) = z**2 + z. Calculate a(3).
12
Let g(q) = q**3 + 4*q**2 + 5*q + 27. Calculate g(-4).
7
Let q(a) = 2*a**2 - 21*a + 8. What is q(11)?
19
Let f(h) = h**2 + 12*h + 5. Give f(-5).
-30
Let h(l) = 2*l**3 - 5*l**2 - 2*l + 6. Determine h(4).
46
Let d(n) = -n**2 + 2*n - 13. Determine d(3).
-16
Let a(m) = -4*m + 91. Calculate a(20).
11
Let g(f) = -6*f + 31. Determine g(7).
-11
Let f(z) = -5*z + 53. What is f(7)?
18
Let k(h) = h**3 - 65*h**2 + 65*h - 61. Calculate k(64).
3
Let o(u) = -u - 9. Calculate o(-4).
-5
Let i(z) = 2*z + 4. Give i(7).
18
Let h(d) = d**2 - 9*d + 31. Determine h(4).
11
Let g(l) = l**3 + l**2 - l - 5. What is g(0)?
-5
Let l(p) = 5*p**2 - 75*p - 7. Determine l(15).
-7
Let b(q) = 9*q - 57. Determine b(7).
6
Let x(r) = -r**3 - 9*r**2 - 6*r + 17. What is x(-9)?
71
Let a(l) = l**3 + 9. Calculate a(0).
9
Let x(o) = o**3 + 15*o**2 - 3. Calculate x(-15).
-3
Let s(m) = -m**3 - 46*m**2 + m + 43. Calculate s(-46).
-3
Let d(b) = b**2 + 9*b - 44. Give d(-13).
8
Let b(v) = 2*v**3 + 2*v**2 + v + 2. What is b(-2)?
-8
Let q(c) = -c**2 - 24*c + 8. Determine q(-24).
8
Let p(d) = 29*d + 18. Determine p(-4).
-98
Let f(q) = q**3 + q**2 - 5*q - 16. Determine f(-5).
-91
Let y(l) = -l**2 + 3*l - 6. Determine y(8).
-46
Let v(q) = -5*q**2 - q + 2. What is v(-3)?
-40
Let g(u) = -11*u**2 - 4*u + 5. Give g(2).
-47
Let t(o) = -o**2 + 33. Give t(7).
-16
Let z(p) = 13*p**2 + p + 10. Give z(-3).
124
Let z(h) = -h - 8. Determine z(-3).
-5
Let l(o) = o**3 + 6*o**2 + 6*o + 5. What is l(-5)?
0
Let o(x) = 12*x - 51. What is o(4)?
-3
Let k(z) = z**3 + 6*z**2 - z + 1. Determine k(-6).
7
Let t(u) = -41*u**2 - 2*u - 1. Determine t(-1).
-40
Let k(y) = -y**3 + 37*y**2 - 71*y + 38. Calculate k(35).
3
Let s(f) = 40*f - 314. What is s(8)?
6
Let u(r) = -3*r + 1. What is u(5)?
-14
Let o(h) = -h**3 + 4*h**2 + 5*h + 2. What is o(5)?
2
Let j(a) = a**3 - 10*a**2 - 14*a + 14. Calculate j(11).
-19
Let s(i) = 9*i - 114. Give s(14).
12
Let a(f) = -f**3 - 7*f**2 + 8*f - 5. Determine a(-8).
-5
Let p(x) = -x**3 + 3*x**2 + 4*x - 5. Calculate p(4).
-5
Let l(s) = -s**3 + 8*s**2 - 57*s + 274. What is l(6)?
4
Let j(r) = -2*r + 40. Determine j(22).
-4
Let a(r) = r**3 + 7*r**2 - 5*r + 6. Calculate a(-8).
-18
Let f(o) = -26*o. What is f(1)?
-26
Let o(l) = -3*l + 2. Determine o(-2).
8
Let o(d) = -d**2 - 13*d + 8. Give o(-10).
38
Let y(h) = -3*h**2 - 21*h - 10. Give y(-7).
-10
Let n(o) = -o**3 - 12*o**2 - 15*o - 178. Determine n(-12).
2
Let x(n) = -n**2 + 10*n - 19. Give x(6).
5
Let i(c) = c**3 - 5*c**2 - 6*c + 5. What is i(6)?
5
Let u(c) = 2*c**3 + c**2 + 7*c + 2. Give u(-3).
-64
Let z(w) = w**2 + 37*w + 152. What is z(-30)?
-58
Let l(d) = 10*d - 33. What is l(6)?
27
Let s(p) = p**3 - p**2 - 14*p + 16. Give s(4).
8
Let d(z) = -2*z**2 - 2*z - 7. Calculate d(-2).
-11
Let k(w) = 17*w**2 - 2. Calculate k(-1).
15
Let y(j) = j**2 + 11*j + 2. Determine y(-16).
82
Let t(c) = 15*c**2 + 45*c - 4. Determine t(-3).
-4
Let a(y) = -y**3 - 15*y**2 - 15*y + 2. Calculate a(-14).
16
Let n(l) = -l**3 + 2*l**2 + 4*l + 4. Calculate n(-2).
12
Let f(c) = -c - 10. Calculate f(-7).
-3
Let u(s) = s - 46. Calculate u(15).
-31
Let l(v) = -6*v + 220. Calculate l(30).
40
Let q(d) = -2*d**2 - 12*d - 2. Determine q(-5).
8
Let z(g) = -g**2 + 6*g + 1. What is z(7)?
-6
Let r(w) = -3*w - 21. Determine r(-13).
18
Let r(u) = 3*u**2 - 13*u + 12. What is r(5)?
22
Let w(f) = -f**2 + 9*f + 43. Determine w(13).
-9
Let f(w) = w**3 + 7*w**2 - 2*w + 59. Determine f(-8).
11
Let y(n) = -n**3 - 19*n**2 - 15*n + 49. Calculate y(-18).
-5
Let c(i) = -i**2 - 4*i + 1. Give c(-5).
-4
Let z(o) = -3*o - 2. Determine z(-3).
7
Let s(k) = -4*k**2 - 15*k - 14. Give s(-3).
-5
Let a(d) = 2*d**2 - 3. Calculate a(5).
47
Let c(z) = z**2 + 8*z - 74. Determine c(5).
-9
Let n(z) = -5*z + 5. Calculate n(-1).
10
Let k(v) = v**2 + 6*v + 6. What is k(-7)?
13
Let c(h) = -13*h - 30. Give c(-3).
9
Let a(w) = w**2 + 4*w - 10. Determine a(-6).
2
Let i(g) = -g**3 + 11*g**2 + 28*g - 14. What is i(13)?
12
Let q(u) = 53*u. What is q(-1)?
-53
Let o(z) = 2*z - 8. Determine o(-7).
-22
Let o(v) = -v**2 + 5*v + 55. Determine o(11).
-11
Let n(r) = -r**3 + 9*r**2 + 14*r + 1. Give n(10).
41
Let h(u) = 3*u**2 - 3*u. Calculate h(4).
36
Let x(k) = -8*k - 16. Calculate x(-8).
48
Let r(p) = p**3 + 11*p**2 + 27*p + 28. Give r(-8).
4
Let f(a) = a**2 + 33*a + 15. Determine f(-34).
49
Let y(r) = r + 4. Calculate y(-14).
-10
Let m(y) = y**2 - 11*y + 4. What is m(10)?
-6
Let r(w) = 2*w**2 - 43*w + 37. Determine r(20).
-23
Let t(q) = -q**3 - 5*q**2 + 6. Calculate t(-4).
-10
Let d(w) = w**2 - 2*w - 7. What is d(-5)?
28
Let d(b) = b**2 + 9*b - 7. Give d(-9).
-7
Let p(d) = d - 4. Calculate p(3).
-1
Let g(z) = -z**3 + 5*z**2 + 3*z - 10. Determine g(4).
18
Let m(n) = 9*n**3 + 6*n**2 + 2*n - 2. Determine m(-2).
-54
Let o(w) = -24*w**2 + w + 2. Determine o(-1).
-23
Let a(b) = -93*b**2 - 3*b + 3. Give a(1).
-93
Let f(y) = -38*y - 181. Calculate f(-5).
9
Let i(p) = p**3 - 14*p**2 - p + 7. Give i(14).
-7
Let d(t) = 10*t + 178. What is d(-18)?
-2
Let z(v) = -v**2 - 9*v + 12. Calculate z(-10).
2
Let g(r) = r**2 - 12*r - 5. Determine g(12).
-5
Let i(b) = -7*b**3 - b**2 - 3*b - 1. Determine i(2).
-67
Let p(v) = -v**3 + 8*v**2 + 5*v + 1. What is p(8)?
41
Let x(o) = 2*o**2 - 3*o + 7. Calculate x(6).
61
Let y(v) = -6*v - 84. Give y(-14).
0
Let g(q) = 7*q**2 + 3*q + 2. Determine g(-2).
24
Let d(a) = -a**3 - 9*a**2 + 188*a + 21. What is d(10)?
1
Let i(y) = -y**3 - 11*y**2 + 5. What is i(-11)?
5
Let r(t) = t**3 - 8*t**2 + 10*t + 5. Calculate r(6).
-7
Let g(q) = q**3 - 13*q**2 + q - 10. What is g(13)?
3
Let g(a) = 3*a + 34. Calculate g(-13).
-5
Let l(u) = -11*u + 22. Give l(2).
0
Let b(v) = v**3 - 15*v**2 - 4*v - 3. Give b(15).
-63
Let c(v) = -10*v - 12. Give c(1).
-22
Let n(s) = 3*s - 18. Give n(9).
9
Let b(h) = -h**2 + 7*h - 4. Determine b(-6).
-82
Let h(z) = z**3 - 8*z**2 + 5*z + 5. Calculate h(7).
-9
Let s(k) = -10*k + 1. Give s(6).
-59
Let m(d) = -d**3 - 21*d**2 - 20*d - 7. Give m(-20).
-7
Let c(h) = h**3 - 5*h**2 - 6. Calculate c(5).
-6
Let o(i) = -i**3 - 7*i**2 + 8*i - 2. Determine o(-7).
-58
Let l(q) = -5*q**2 - 11*q + 6. Determine l(-3).
-6
Let q(r) = -3*r + 4. Determine q(10).
-26
Let u(q) = q**3 - 8*q**2 + 4*q + 1. Give u(8).
33
Let a(x) = -2*x**3 + 19. Calculate a(0).
19
Let